-5
Let s(i) be the third derivative of -1/6*i**4 + 1/15*i**5 + 0 + 0*i + i**3 + 1/120*i**6 - 11*i**2. What is s(-5)?
1
Let h(i) be the first derivative of 1/30*i**5 - 3/2*i**2 + 1/6*i**3 + 0*i**4 + 1/120*i**6 + 1 + 0*i. Let u(j) be the second derivative of h(j). Give u(-2).
1
Suppose -3*k + 3*r + 18 = 0, -k + 4*r + 16 = 13. Let u(d) = -4*d - k + 5*d + 3*d - 3*d. Give u(8).
1
Let w(r) be the second derivative of -r**4/12 - r**3 - 17*r**2/2 - 546*r. Determine w(-4).
-9
Suppose 2*l - 4 = -2. Let o(a) be the third derivative of a**8/1680 - a**5/120 - a**4/6 + 11*a**2. Let d(n) be the second derivative of o(n). Calculate d(l).
3
Let v(g) = -g**2 + 6*g + 6. Let w be 3 - (2 - -16)/(-6). Calculate v(w).
6
Suppose -2*p + 4 = -2. Let y(l) = -l**3 + 4*l**2 - 4*l + 3. Let d be y(p). Let w(n) = n - n + 1 + 2*n + d*n - n**2. Calculate w(3).
-2
Suppose 2*c - 12 = 5*c. Let k(p) = p**2 + 7*p + 10. What is k(c)?
-2
Let k(n) = n**2 + 8*n + 6. Let a = -62 + 65. Suppose 1 = -a*m - 17. Give k(m).
-6
Let c(a) = -14*a + 90. Let v be c(6). Let i(j) = j**3 - 7*j**2 + 3*j - 8. Calculate i(v).
-26
Let s(c) = c**2 - 2*c + 1. Let l be -3 - 54/(-24) - 15/(-4). What is s(l)?
4
Let p(f) = f**2 + 2*f. Let t(b) = -3*b + 3. Let g be t(-4). Suppose -11 + g = 2*x. What is p(x)?
8
Let f be (2 - (-5 - -1))*(-1)/(-1). Let g(x) = -x**3 + 6*x**2 + 2. Give g(f).
2
Let i(y) = -y**2 - 3*y - 5. Let v(d) = 3*d**2 + 8*d + 15. Suppose 5*o + 3*b = 19, -10 = -2*o - 0*o - 2*b. Let f(u) = o*v(u) + 7*i(u). Give f(-6).
-11
Let t(r) = -4*r**2 - 12*r - 2. Suppose 7*q + 1 = 50. Let z(n) = 9*n**2 + 25*n + 3. Let i(b) = q*t(b) + 3*z(b). Determine i(-4).
15
Let j(p) = -p + 9. Let i(m) = m**2 + 7*m + 4. Let a be i(-7). Let x = -2 + a. Suppose g = -5*s + 1, 4*g - x*g = 2. What is j(s)?
9
Let k(f) = -3 - f**3 - 7*f**2 - 6 + 2 + 1 - 4 - 2*f. Calculate k(-7).
4
Let h(a) = -a**2 + 4*a. Suppose -o = -3 - 0. Suppose 0 = 2*n + o*m - m, 3*n = -5*m - 4. What is h(n)?
4
Let z(v) = -357*v - 145 + 351*v + 222. Calculate z(12).
5
Let h(u) = -u**2 + 8*u - 5. Suppose -3*x + 2*r + 24 = 0, 2*r + r - 21 = -5*x. What is h(x)?
7
Let y(j) = j**3 - 11*j**2 + 8*j + 19. Let b be y(10). Let w(t) = -6*t**2 + 1. Let v(h) = h**2 - 1. Let p(q) = 2*v(q) + w(q). Calculate p(b).
-5
Let n(c) = -c**2 + 16*c + 1. Let x be n(16). Let l(g) = 51*g. Let u be l(x). Suppose 2*a + u = 39. Let d(j) = j**3 + 7*j**2 + 5*j - 2. Calculate d(a).
4
Let k(x) = x**2 + 0*x - 3*x + 4*x + 3 - 4*x. Suppose -p + 2 + 10 = 2*r, -p + r = -6. Let g be 68/16 + (-2)/p. What is k(g)?
7
Let l be (31 + -37 - 1/(-1))/(-1). Let j(i) be the first derivative of i**3/3 - 5*i**2/2 + 6*i + 1. Determine j(l).
6
Let h(m) = -2*m**3 - m**2 + 1. Let a = 512 - 513. Calculate h(a).
2
Let b = -38 - -49. Suppose -2*l = 3*a + b, a - 6*a - 17 = 4*l. Let z(i) = -9*i + 2. Calculate z(l).
-16
Let v(i) = -9*i - 67. Let n(y) = -3*y - 24. Let q(b) = -17*n(b) + 6*v(b). Give q(3).
-3
Let w = 24 + -22. Suppose 5*c = 3*y - w, 5*c - 4*y = 2 - 8. Let z(g) = g - 5*g - g**3 + 5*g**2 + 7 - 12*g**c. Determine z(-6).
-5
Let s(m) = 18*m + 21*m + 15*m - 51*m + 13. Determine s(-6).
-5
Let x(h) = -h + 25. Let l(b) = 6. Let a(s) = 4*l(s) - x(s). Determine a(6).
5
Let u(b) be the first derivative of -b**6/120 - 2*b**5/15 - b**4/24 - 2*b**3/3 - 3*b**2 + 2. Let h(z) be the second derivative of u(z). What is h(-8)?
4
Let h = 15 + -7. Let k(j) = -38 - 28*j - 37*j - j**2 + 39 + 72*j. What is k(h)?
-7
Let y(d) = -d**3 + 6*d**2 + 7*d - 1. Let h be (-399)/(-9) - (-3)/((-36)/(-8)). Let q = h - 38. What is y(q)?
-1
Let m(j) = 3*j**2 - 4*j + 2. Let l = 3 - 1. Suppose -l = -u - 0. Calculate m(u).
6
Let u(y) = -7 + 10 - y - 9 - 3*y. What is u(5)?
-26
Let o(k) be the second derivative of -k**3/6 + k**2/2 + 2*k. Suppose 3*n + 9 = 27. Suppose -11*h + n*h = -40. Give o(h).
-7
Let a(p) = -p**3 + 8. Suppose -7*m - 2*m = -18. Let c be 0/((m - 0)/(-2)). What is a(c)?
8
Suppose 2*x + 4*u = 6, 3*u - 20 = -5*x - 2*u. Let p(o) = 1. Let l(f) = -6*f. Let i(z) = 28*z - 225. Let c be i(8). Let k(d) = c*l(d) + x*p(d). What is k(-4)?
-19
Let z(b) = -3*b + 2*b - 10*b. Let i be 4/((-180)/315 + 64/14). Determine z(i).
-11
Let t(y) = -y**2 - 5*y. Let j(q) be the first derivative of q**2/2 + 16*q - 2. Let h be j(-7). Let d be (-2)/(-6) - 39/h. What is t(d)?
4
Let k(z) = z - 1. Let p = -106 + 155. Let t = p + -44. Determine k(t).
4
Let n(w) = w**2 - 11*w + 10. Let a be n(10). Suppose 8 = -a*c + 4*c, -5*i = -4*c - 12. Let z(u) = 9*u - i + 1 + 2 - 2*u + u**2. Determine z(-6).
-7
Let k(o) be the third derivative of -o**6/120 - 2*o**5/15 - o**4/3 - 8*o**3/3 - 83*o**2. What is k(-7)?
-9
Let x(m) = -3*m. Let r(h) = 20*h - 4. Let w(k) = r(k) + 5*x(k). Suppose -6 = 3*v, -4*y + v + 32 = y. Let u(z) = z - 1. Let b(d) = y*u(d) - w(d). Determine b(5).
3
Let q(u) be the third derivative of -1/120*u**6 + 2/3*u**3 + 0*u - 19*u**2 - 1/6*u**4 + 0 - 1/10*u**5. Determine q(-5).
-1
Let c(v) = -7*v. Suppose 0 = g - 1, 6*z - z - 4*g = -19. What is c(z)?
21
Let p(x) be the second derivative of -x**5/30 - x**4/4 - x**3/2 + 9*x**2/2 + 37*x. Let k(c) be the first derivative of p(c). Determine k(-4).
-11
Let s(c) be the second derivative of 0 + 1/2*c**3 + 2*c + 0*c**2. Give s(2).
6
Let c(b) = 3*b + 9. Let x be c(-5). Let s = x + 10. Suppose -4*q = s*a, 2*a + 3 = 2*q - 7*q. Let v(d) = -16*d**3 + d**2 - 1. What is v(q)?
16
Let b(q) = 3 - 6*q + 693*q**2 - 697*q**2 + 0*q - 9*q. Determine b(-4).
-1
Let d(g) be the second derivative of g**4/12 - g**3/2 - 2*g**2 - 7*g. Give d(5).
6
Suppose 0*g = -4*g + 8. Suppose -h + 6 = -g*h. Let u(s) = -13*s**2 + 19*s + 33. Let b(q) = 5*q**2 - 9*q - 15. Let c(o) = 5*b(o) + 2*u(o). Give c(h).
-3
Let b(w) be the second derivative of w**5/20 - 5*w**4/12 + 2*w**2 + 38*w. Determine b(5).
4
Let b(t) = t**3 - 3*t**2 - 5*t + 1. Let w be (-84)/7*(-5)/15. Determine b(w).
-3
Let d(l) = 18*l - 5. Let i(g) = 58*g - 17. Let x(q) = -7*d(q) + 2*i(q). Determine x(-4).
41
Let b = 89 + -93. Let i(y) = 4*y. What is i(b)?
-16
Let v(q) = q**2 + 4*q - 6. Let s be -1 - ((3 - -1) + -3). Let t be 198/(-42) - s/(-7). Calculate v(t).
-1
Let u(v) = -5 - 251*v + 511*v - 258*v. Determine u(0).
-5
Let c(s) = 1051*s**2 - s - 1057*s**2 - 104*s**3 + 103*s**3. What is c(-6)?
6
Let s(u) = u**2 - u - 2. Let r(k) = -k**3 - 2*k**2 + 26*k + 5. Let m(q) = r(q) + 2*s(q). Calculate m(-5).
6
Let h(d) = -4*d + 2. Let q = 183 - 179. Calculate h(q).
-14
Let y(a) = a**2 + 24*a - 2. Suppose 42 + 78 = -5*q. Calculate y(q).
-2
Let l(z) = z**3 + 7*z**2 + 6*z - 5. Suppose c + 4*x = -6, 2*x - 12 + 36 = -4*c. What is l(c)?
-5
Let y(o) be the second derivative of o**4/6 + 19*o**3/6 + 11*o**2/2 - 79*o. Give y(-9).
2
Let b(u) = u**2 + u + 1. Suppose -14*q = -10*q. Let k be 8/(1 + q) - 3. Suppose -12 = f - k*f. Calculate b(f).
13
Let m(q) = q**2 + 3*q + 4. Let n(t) = -t**2 + 9*t - 2. Let y be n(10). Let c be y/(-15)*(3 - 8). Determine m(c).
8
Suppose -2*w - 28 = 2*y, 3*w = w - 14. Let m(i) = i + 10. Let q(r) = -2*r - 20. Let j(a) = 5*m(a) + 3*q(a). What is j(y)?
-3
Let j(n) = -6*n**2 + 4*n - 2. Suppose 0 = -13*c + 8*c + 3*t + 58, -2*t = 2. Suppose 4*o + 3 - c = 0. Give j(o).
-18
Let k(h) = h**2 + 7*h + 7. Suppose -2*n = -4*w - 4, -n + 8 = -0*w + 4*w. Suppose -5*p = -3*b - 6, 13 - 40 = -n*b - 5*p. Let d be -1 - 4/4 - b. Determine k(d).
-3
Suppose 5*b + 2 = t - 5*t, -5*t + 14 = -2*b. Let q(k) = -5*k**3 + 16*k**2 + 4*k - 25. Let f(z) = z**3 - 4*z**2 - z + 6. Let x(l) = t*q(l) + 9*f(l). Give x(-3).
-2
Let f = -31 - -87. Let v = f - 51. Let j(n) = n**3 - 6*n**2 + 6*n - 5. Calculate j(v).
0
Let p(h) = -9*h. Let v(y) = -2*y**3 - 17*y**2 - 9*y - 5. Let c be v(-8). Determine p(c).
-27
Let m(v) = 56 - 56 - v**2. Let u(b) = b**2 - 18*b + 20. Let a be u(17). What is m(a)?
-9
Let z = 943 - 939. Let w(q) = -2*q + 5. Determine w(z).
-3
Let p(q) = q**3 + 0 + 4*q**2 - 4*q + 0 + 2. Let n be (-18)/8*(14 + -2). Let o = 22 + n. What is p(o)?
-3
Let h(g) be the first derivative of -g**4/4 - 8*g**3/3 + 5*g**2 + 12*g - 685. Suppose 2*w + 6 = 4*x, 4*w = 4*x - 0*x - 24. Give h(w).
3
Let n(i) = 5*i - 126. Let y be n(26). Let l(v) be the first derivative of -v**3/3 + 3*v**2/2 + 4*v - 2. What is l(y)?
0
Let k = 109 + -98. Let s(v) = -3*v + 14. Determine s(k).
-19
Let a be (9/15)/((-1)/(-5)). Let o(u) = -2*u**a + 3*u + u**3 - 